-9))) + 56?
51
-66 + (40 - -61) - (98 - 0)
-63
Evaluate (32 - 6) + -2 + -14 - (-10 - -4).
16
Calculate -4 - (-28 - (15 + (24 - 8))).
55
Calculate (-88 - (7 - -27)) + -61 + 40.
-143
141 + (101 - 265) + (88 - -1)
66
What is the value of -84 - (-33 - (28 + 4))?
-19
Evaluate 45 - (24 - -27 - 24).
18
(57 - 122 - -61) + (1 + 0 - -13)
10
Calculate (-40 + 21 - 12) + 124.
93
Calculate (31 - (39 - 42)) + 4.
38
(34 + -44 - -30) + -2
18
Calculate 1 + -18 + -2221 + 2271.
33
-22 + 12 + 16 + -12 + 3 + -11
-14
(-6 + -75 - -29) + -37
-89
What is the value of -130 + (-23 - (16 - 6 - 61 - -12))?
-114
Evaluate -240 + 89 + 100 - -150.
99
What is -274 + 266 + 135 + -16?
111
What is 59 + -149 + 85 - (5 - 0)?
-10
32 - (-7 + -2 - (5 + -1 - (40 - 19)))
24
Evaluate -165 - ((-63 - 6) + (121 - 79)).
-138
Evaluate 10 - (-24 - (-21 - (-78 + -23 + 10))).
104
49 + 1 - (-9 - -10) - (-467 - -470)
46
Calculate -1 - (-20 - -20) - (3 + 0 + 2).
-6
What is the value of 10 + 9 + -33 - (5 - 2 - (-51 + 28))?
-40
What is the value of -2 + (15 - 4) + (-57 - (11 + -16 + 5))?
-48
Calculate 4 + (-68 - (-56 + 40)).
-48
What is (21 - 1) + 11 + (12 + -16 - (2 + -5))?
30
Evaluate 8 + (-7 - 4) - (68 - 37) - 6.
-40
-1764 + 1822 - (53 - 0)
5
What is the value of (230 - 306) + -3 + 195?
116
What is -5 - -29 - (2 - 4 - (-6 - -18 - 25))?
13
What is the value of -9 - 27 - (-20 - (-16 - -12))?
-20
What is the value of -2 + 0 + (373 - 373)?
-2
Evaluate 2 + (-8 - -5) - (37 + -26).
-12
4 + (-5 + 0 + -1 - (41 - (14 + 0)))
-29
What is the value of -737 - (-953 - -299) - ((-1 - (-2 - 0)) + 0)?
-84
What is (-14 + 9 + -2 - (-2 + 0 + -42)) + 9?
46
Calculate 36 + (74 - 82 - 88).
-60
What is (-7 - -82) + -94 - -108?
89
What is the value of 333 - 325 - (-6 + 3 + 7 - (0 + -54))?
-50
Calculate -9 + (0 - 54) + (19 - 3 - (16 - -7)).
-70
11 + (17 - (81 + 4)) - -16
-41
What is (1666 - 1647) + 2 + 23?
44
What is 1794 + -1782 + -6 + -1 + 15?
20
What is the value of (-132 + 1 - (-4 - (-49 + 64))) + -6 + 2?
-116
3 + (34 - 34 - 9 - 6) + (0 - 59)
-71
Evaluate -41 + (-5 - 5 - (-7 - -11)) - 0.
-55
What is (-3 - (-15 + 3)) + (-6 - (-81 - -23) - 203)?
-142
What is 4 - (31 - 15) - (-10 - 1 - -8)?
-9
Calculate 7 + -20 + 15 - (-94 - (10 + 9)).
115
Evaluate (-146 - 2) + 45 - (-7 - -11).
-107
What is the value of -1 - -8 - (-52 - -9 - -10)?
40
Evaluate -20 + (6 - -35) + 6.
27
What is 1 - 8 - (-8 - (26 - (9 + -10 + -6)))?
34
What is -21 - -18 - (-28 + 13 + 2 - -95)?
-85
What is the value of -10 + 7 + -159 + 170 + 50?
58
What is -9 + 0 + 9 + -11 + 1 + 3?
-7
Calculate -30 - 14 - -93 - 2.
47
Calculate (70 - (-7 - -2)) + -18 + -12 + 13.
58
What is (119 - -1) + (-19 + 11 + -11 - (38 - 49))?
112
What is -1 + -1 + (-8 + 0 - (333 - 333)) + -11?
-21
What is 7 - 2 - (-3 + -11 + 33)?
-14
What is the value of 16 + (-3 - -1) + (305 - 287 - (12 + -1))?
21
What is the value of (14 - (12 + (-23 - -17))) + 69 + 5?
82
Evaluate (-2404 - -2437) + (2 + -117 - 5).
-87
Calculate -3 + 16 - 8 - (32 - 39).
12
Calculate ((29 - 10) + (-22 - -11) + -11 - 9) + -34.
-46
Evaluate -57 + (266 - (64 - -10)).
135
Calculate (134 - 124) + (8 - 8) + 85.
95
Calculate 2 - 0 - (-181 + 41 + 187).
-45
Evaluate -14 - (12 + -7 - 10) - 14.
-23
-13 + 0 + 4 + -17 + 34
8
41 - (18 - (-7 - (-27 - -36)))
7
-8 - (22 + (-22 - -6) + 6 - -11)
-31
-20 + (10 - (31 + -11 - 67))
37
What is the value of (1 + 0 - 7 - (1400 - 1413)) + -1?
6
What is -70 - -2 - (-31 - (-88 - -17))?
-108
What is the value of -5 - (-4 - 6) - (-162 - -127)?
40
What is the value of 63 - (0 - 4 - 16 - -35)?
48
Calculate -187 + 127 + (-12 - 5) + -4.
-81
4 + -74 + (-24 - -88)
-6
What is the value of 11 - (29 + -40 - (-9 + 1) - 6 - -38)?
-18
What is the value of -30 + (14 - (-30 + 16)) + (-1 - -10)?
7
What is the value of (-53 - 3) + 257 + -192 + 1 + 1?
11
What is the value of 63 - -1 - (473 + -471) - 19?
43
What is -60 + 0 - (-4 + (-12 - (7 - (41 - 19))))?
-59
11 - -1 - (-29 + (20 - -13)) - 73
-65
Evaluate (8 + -50 - 4) + 10 - -3 - 12.
-45
Evaluate -75 - -34 - -40 - (1 + (0 - (-24 - -2))).
-24
What is the value of -12 - (8 - (7 + 83)) - (16 + 14 - 20)?
60
(16 - 3 - 53) + 23 - 38
-55
Evaluate -23 - (12 + -19 - 18 - -26).
-24
What is -118 + (29 + -33 + -29 - -60)?
-91
What is (70 - 11) + -9 + (-39 - (-4 + -23))?
38
Calculate -23 + -31 + 4 - -3.
-47
What is 4873 + -4854 - (62 + 2 - 3)?
-42
Evaluate 26 + (8 - 20 - 24 - -35).
25
What is the value of 74 + (-11 - 5) + -40?
18
6 + 6 + 15 + -31 + 8 + 29
33
What is -49 - (63 + 1 + (1555 - 1515))?
-153
Calculate 10 - ((-4 - 45) + -5 + (8 - -29 - 35)).
62
(55 - 111) + (79 - 4)
19
9 - 8 - (3 + (-4 - (-1 - -2 - 1)))
2
Calculate 118 + 4 - 101 - -109.
130
-13 + -13 + (1 + 4 - ((-33 - 34) + -3))
49
-6 - (0 + (-8 + -6 - (-3 - 6))) - 8
-9
What is -5 + -6 + (2 - 2) + 0 + 13 + -60?
-58
Calculate 114 + (-9 + (0 - 3) - (742 + -738)).
98
What is 61 + 71 + (6 - 1) + (-6 - -21 - 35)?
117
Evaluate (-67 - (-2 + (1 - 4) + 1)) + 1 - -12.
-50
What is (9 - (16 + 0)) + (2 - (-17 + -31))?
43
Evaluate (-26 - (14 - -39)) + 46.
-33
What is -4 + 4 + -31 + 25 - (-2 - 23)?
19
5424 - 5531 - (0 + -176)
69
What is 25 + -23 + -2 + 46 + -90?
-44
What is 9 - (12 + -12) - (-67 - (-9 + 13 + 7))?
87
What is the value of (13 + (-10 - 2) - 14 - -10) + 106 + -12?
91
-8 + (-17 + 4 + -10 - -14 - -65)
48
What is 58 + -69 + (3 - 0 - -3) - -67?
62
(-27 - (-19 - 29)) + 25 + 20
66
What is -2 + -9 + 25 + 8 + -28 + -87?
-93
What is the value of -4 - 1 - 1 - (-45 - (-43 - -9) - -15)?
-10
What is the value of 3 - (-10 - (3 + (-78 - (12 + -3))))?
-71
Evaluate -18 - (-8 + -4 - 1).
-5
What is -26 + 1 + (-16 + 34 - 34)?
-41
What is the value of (-22 + 11 - (25 + 4)) + -8 - -7?
-41
Evaluate -74 - (1 + 1 + -329 + 323) - (-1 - -4).
-73
-102 - 14 - (-23 + -71)
-22
What is 18 + 1 + (-53 - (-19 + -38))?
23
Evaluate -2 + 4 + 34 + -19 + -10.
7
(-61 - (83 + -176)) + -75
-43
Evaluate 26 + -58 + 34 - (22 + 70).
-90
(2 - (13 + -2)) + 521 + -212 + -419
-119
Calculate (93 + -2 - 2) + 1 + -28 + 18 + -1.
79
Evaluate 3 + -4 + 11 - (-59 - -113) - -14.
-30
Evaluate -38 - ((90 - 52) + -106).
30
What is the value of 1 + (35 - -63) + -11 + 19?
107
Evaluate -3 - ((-12 - 4) + 35 + -10).
-12
-42 + (-44 + 72 - -24)
10
What is 0 - ((21 + -11 - 7) + 7 - 8 - -15)?
-17
(33 - (29 - 53)) + -48 + -2 + -26 + 2
-17
What is 58 + -72 + (-5 - -29) + 13?
23
Evaluate 60 - ((33 - (-15 - -36)) + 3).
45
-55 - (18 + -11 + (-6 - (-33 + 15)))
-74
(4 + -2 - 5) + (-1 - 11 - -17)
2
Evaluate -11 + 3 + 11 + 20 + -40.
-17
What is (11 + (16 - 31) - -19) + 17?
32
What is (-21 + (4 - -6) - -6) + 0 + -35 + 3?
-37
Calculate 0 + 6 + (-15 - -10) - ((1 - 2) + 20).
-18
Evaluate (28 - (22 - 25) - 38) + 25.
18
What is (11 - 22) + -60 + (32 + -23 - 5)?
-67
What is the value of (11 - 56) + (9 - -11) + 22?
-3
What is 52 + -72 + 68 - 97?
-49
Evaluate (-2 - 0) + -46 + (-194 - -166).
-76
(-4 - (-40 - -35)) + -3 + (0 - 20)
-22
Evaluate (-4 - 31) + 2294 + -2205.
54
Calculate (402 + -485 - (-5 + (2 - 2))) + 9 + -13.
-82
What is the value of 2 - (5 + 12 + -11 - (-45 - -162))?
113
Calculate 1 + -103 + 53 + -34 + -4.
-87
What is -2 + -27 - -9 - (-28 - 4)?
12
Calculate 244 + -224 - (17 - -2) - -3.
4
-85 + (-25 - (43 - 206))
53
-57 - ((-7 - (-10 + 14)) + -2 + 12)
-56
What is 4 - -12 - 9 - 100 - (15 + -29)?
-79
What is the value of 59 + (34 - 80) + 62?
75
What is -33 - 9 - (-85 + 35)?
8
Evaluate (9 - 3 - -26 - 7) + -11 + -13 + 86.
87
What is -5 + (-58 + 36 + (3 - 2) + -7 - -3)?
-30
Calculate 1 + 1 + (-17 - -1) + (-11 - 53) + 150.
72
Calculate (-204 + 181 - -21) + (2 - (0 - (-2 - 5))).
-7
0 + 0 + (-74 + 59 + (36 - 2) - 39)
-20
What is the value of -15 - ((-144 - -129) + (-2 - -43 - -3))?
-44
Evaluate (-30 - ((-207 - -30) + 34)) + 3 + 5.
121
Evaluate -46 - (-23 - (78 + -27)).
28
(955 - 936) + -85 + 4
-62
-2244 - -2251 - (2 + -46)
51
Calculate -4 - 6 - (37 + -93 + -53) - -18.
117
What is -5 + 5 + -4 + 0 + (54 - 42) - 18?
-10
Evaluate 94 - (-1003 + 926 + -3 + 49).
125
What is the value of (14 + -83 - -1) + -152 + 142?
-78
Calculate -16 + 3 + -2 + 2 + 7 + 39 + -35.
-2
-5 + (46 - (98 + -43))
-14
What is (1 - -11) + (-43 - 0) + 14 + 58?
41
What is the value of 22 + 0 + 31 + 14 + -43?
24
Evaluate -37 - (5 - (-24 - -7 - -18)) - -11.
-30
What is -141 + 0 - (1680 + -1819)?
-2
-102 - (32 + 15 + -111)
-38
Calculate -58 + (-